{"id":17,"date":"2023-11-13T10:50:10","date_gmt":"2023-11-13T10:50:10","guid":{"rendered":"https:\/\/www.aurelieverioca.com\/?page_id=17"},"modified":"2023-11-13T13:05:53","modified_gmt":"2023-11-13T13:05:53","slug":"bio","status":"publish","type":"page","link":"https:\/\/www.aurelieverioca.com\/pt\/bio\/","title":{"rendered":"Org\u00e2nico"},"content":{"rendered":"<p><strong>Aur\u00e9lie e Verioca carregam suas can\u00e7\u00f5es h\u00e1 10 anos em um fio suspenso entre a Fran\u00e7a e o Brasil\u2026<\/strong><\/p>\n<p>Alguns elementos da biografia...<\/p>\n<p>Aur\u00e9lie Tyszblat e Verioca Lherm se conheceram em 2001. A primeira, que nasceu e morava em Paris, na \u00e9poca seguia a carreira de roteirista, enquanto a segunda, natural de Cantal e radicada em Montpellier, preparava seu segundo \u00e1lbum solo. Eles compartilham um imenso amor pela m\u00fasica brasileira e come\u00e7am a escrever suas pr\u00f3prias m\u00fasicas juntos. Verioca comp\u00f5e e Aur\u00e9lie escreve a letra da m\u00fasica.<\/p>\n<p>Em 2011 gravaram o primeiro \u00e1lbum \u201cAl\u00e9m desclouds\u201d, vencedor do aux\u00edlio de autoprodu\u00e7\u00e3o da Sacem, com a participa\u00e7\u00e3o de Guinga, Philippe Baden Powell, Casuarina, Pierrick Hardy, Khalid Kouhen...<\/p>\n<p>Em 2015 lan\u00e7aram seu 2\u00ba \u00e1lbum \u201cPas \u00e0 pas\u201d na Fran\u00e7a e no Brasil com o apoio de Adami e da SPPF.<\/p>\n<p>Entre 2014 e 2017 foram convidados a participar do \u00e1lbum &quot;\u00e7a, c&#039;est bossa&quot; de P&#039;tits loups du jazz (Enfance et musique) e gravaram uma faixa no \u00e1lbum &quot;Noticias dum brasil&quot; de Eduardo Gudin.<\/p>\n<p>Eles integram o cat\u00e1logo dos Jeunesses Musicales de France com o show ANDANDO do repert\u00f3rio de seus 2 \u00e1lbuns e far\u00e3o esse show para mais de 20.000 crian\u00e7as em toda a Fran\u00e7a.<\/p>\n<p>Desde 2012, eles percorrem o Brasil uma vez por ano, notadamente pelo concorrido circuito dos centros culturais SESI e SESC.<\/p>\n<p>Em 2019 lan\u00e7aram o terceiro \u00e1lbum \u201cUatu\u201d apoiado pela SPPF, ADAMI, FCM.<\/p>\n<p>Em 2021, apresentaram o seu espect\u00e1culo pela primeira vez no off-festival de Avignon, no Atelier florentin.<\/p>","protected":false},"excerpt":{"rendered":"<p>Aur\u00e9lie et Verioca baladent depuis 10 ans leurs chansons sur un fil suspendu entre la France et le Br\u00e9sil\u2026 \u200bQuelques \u00e9l\u00e9ments de biographie... Aur\u00e9lie Tyszblat et Verioca Lherm se rencontrent en 2001. La premi\u00e8re, qui est n\u00e9e et vit \u00e0 Paris, poursuit \u00e0 l\u2019\u00e9poque une carri\u00e8re de sc\u00e9nariste alors que la seconde, originaire du Cantal [&hellip;]<\/p>\n","protected":false},"author":1,"featured_media":61,"parent":0,"menu_order":0,"comment_status":"closed","ping_status":"closed","template":"","meta":{"_acf_changed":false,"inline_featured_image":false,"footnotes":""},"class_list":["post-17","page","type-page","status-publish","has-post-thumbnail","hentry"],"acf":[],"_links":{"self":[{"href":"https:\/\/www.aurelieverioca.com\/pt\/wp-json\/wp\/v2\/pages\/17","targetHints":{"allow":["GET"]}}],"collection":[{"href":"https:\/\/www.aurelieverioca.com\/pt\/wp-json\/wp\/v2\/pages"}],"about":[{"href":"https:\/\/www.aurelieverioca.com\/pt\/wp-json\/wp\/v2\/types\/page"}],"author":[{"embeddable":true,"href":"https:\/\/www.aurelieverioca.com\/pt\/wp-json\/wp\/v2\/users\/1"}],"replies":[{"embeddable":true,"href":"https:\/\/www.aurelieverioca.com\/pt\/wp-json\/wp\/v2\/comments?post=17"}],"version-history":[{"count":4,"href":"https:\/\/www.aurelieverioca.com\/pt\/wp-json\/wp\/v2\/pages\/17\/revisions"}],"predecessor-version":[{"id":64,"href":"https:\/\/www.aurelieverioca.com\/pt\/wp-json\/wp\/v2\/pages\/17\/revisions\/64"}],"wp:featuredmedia":[{"embeddable":true,"href":"https:\/\/www.aurelieverioca.com\/pt\/wp-json\/wp\/v2\/media\/61"}],"wp:attachment":[{"href":"https:\/\/www.aurelieverioca.com\/pt\/wp-json\/wp\/v2\/media?parent=17"}],"curies":[{"name":"wp","href":"https:\/\/api.w.org\/{rel}","templated":true}]}}

Orgânico

<p><strong>Aurélie e Verioca carregam suas canções há 10 anos em um fio suspenso entre a França e o Brasil…</strong></p>
<p>Alguns elementos da biografia...</p>
<p>Aurélie Tyszblat e Verioca Lherm se conheceram em 2001. A primeira, que nasceu e morava em Paris, na época seguia a carreira de roteirista, enquanto a segunda, natural de Cantal e radicada em Montpellier, preparava seu segundo álbum solo. Eles compartilham um imenso amor pela música brasileira e começam a escrever suas próprias músicas juntos. Verioca compõe e Aurélie escreve a letra da música.</p>
<p>Em 2011 gravaram o primeiro álbum “Além desclouds”, vencedor do auxílio de autoprodução da Sacem, com a participação de Guinga, Philippe Baden Powell, Casuarina, Pierrick Hardy, Khalid Kouhen...</p>
<p>Em 2015 lançaram seu 2º álbum “Pas à pas” na França e no Brasil com o apoio de Adami e da SPPF.</p>
<p>Entre 2014 e 2017 foram convidados a participar do álbum &quot;ça, c&#039;est bossa&quot; de P&#039;tits loups du jazz (Enfance et musique) e gravaram uma faixa no álbum &quot;Noticias dum brasil&quot; de Eduardo Gudin.</p>
<p>Eles integram o catálogo dos Jeunesses Musicales de France com o show ANDANDO do repertório de seus 2 álbuns e farão esse show para mais de 20.000 crianças em toda a França.</p>
<p>Desde 2012, eles percorrem o Brasil uma vez por ano, notadamente pelo concorrido circuito dos centros culturais SESI e SESC.</p>
<p>Em 2019 lançaram o terceiro álbum “Uatu” apoiado pela SPPF, ADAMI, FCM.</p>
<p>Em 2021, apresentaram o seu espectáculo pela primeira vez no off-festival de Avignon, no Atelier florentin.</p>

<p>Aurélie et Verioca baladent depuis 10 ans leurs chansons sur un fil suspendu entre la France et le Brésil… ​Quelques éléments de biographie... Aurélie Tyszblat et Verioca Lherm se rencontrent en 2001. La première, qui est née et vit à Paris, poursuit à l’époque une carrière de scénariste alors que la seconde, originaire du Cantal [&hellip;]</p>
